5. Let i(u) = -2*u - 5. What is i(c)?
3
Let v(u) = -41*u + 9. Let g(r) = -30*r + 11. Let c(a) = -3*g(a) + 2*v(a). Determine c(3).
9
Let s(x) be the first derivative of -5/2*x**2 + 1/12*x**4 - 5 + 0*x**3 - x. Let a(k) be the first derivative of s(k). Calculate a(0).
-5
Let u(m) be the second derivative of -1/4*m**4 - m**3 - 9*m - 7/2*m**2 + 1/20*m**5 + 0. Suppose 3*j - 4*a = 31, 2*j + 5*a = 4*a + 6. Determine u(j).
13
Let m be ((-126)/81)/7 + 74/9. Let t(n) = n + 3. What is t(m)?
11
Let d(n) = 13*n**3 - 27*n**2 + 30*n + 16. Let q(a) = -8*a**3 + 18*a**2 - 20*a - 11. Let p(b) = -5*d(b) - 8*q(b). Determine p(-10).
8
Let u(l) = -3*l**2 + 12*l + 15. Let m(r) = 5*r**2 - 18*r - 23. Let o(c) = -5*m(c) - 8*u(c). Suppose -24*y - 2 = -25*y. Let x = -2 - y. Give o(x).
3
Let a(v) be the second derivative of v**5/20 - 11*v**4/12 - 3*v**2 + v + 11. Determine a(11).
-6
Let q(h) = 7*h**2 + 17*h - 98. Let s(d) = -4*d**2 - 9*d + 50. Let b(l) = -3*q(l) - 5*s(l). Determine b(-10).
4
Let s(w) = -30 + 52 + w - 8 - 2. Give s(-12).
0
Let o(z) = -z**2 - 5*z - 2. Let c be o(-4). Let i(h) = -3*h**c + 10*h + 7*h**2 - 8*h + h**3 + 0*h**3 - 4. Calculate i(-4).
-12
Let d(g) be the third derivative of g**5/60 + g**4/4 + 2*g**3 - 14*g**2. Let a be d(-4). Let i(z) = z**3 - 6*z**2 + 5*z + 2. What is i(a)?
-10
Let h(l) = -5*l**3 + 9*l**2 - 5*l - 6. Let n(j) = j**3 - j**2 + 1. Let u(m) = -h(m) - 6*n(m). Give u(-4).
-4
Let i(c) be the second derivative of 1/24*c**4 + 1/60*c**5 - 1/72*c**6 + 1/3*c**3 - 3*c + 0 + 0*c**2. Let v(f) be the second derivative of i(f). Give v(-1).
-6
Suppose -4*p = 2*t - 110, t - 44 = 2*p + 7. Let l = t + -55. Let i(k) = -k**3 - k**2 + k + 1. Give i(l).
3
Let p(w) = -4*w**2 - 34*w - 16. Let n be p(-8). Let i(d) = -d**2 + 2*d - 8. What is i(n)?
-8
Let s(l) be the third derivative of l**9/60480 - l**8/3360 + l**7/840 - l**6/144 + 7*l**5/60 - 6*l**2. Let q(u) be the third derivative of s(u). Determine q(5).
0
Let t(w) = 4*w - 47. Let c = -2274 + 2286. Give t(c).
1
Let t(m) = m**2 - 3*m. Suppose -5*l = 4*c - 5*c + 1, -35 = -3*c - l. Suppose -c*q + 16*q - 25 = 0. Determine t(q).
10
Let w(f) = -9*f**3 - 2*f**2 + 2*f - 1. Let t = 36 - 35. What is w(t)?
-10
Suppose -71*l - 292 = -8. Let g(p) = -2*p - 4. Let o(n) = -5*n - 8. Let z(i) = -7*g(i) + 3*o(i). Give z(l).
8
Let w(k) = 5*k + 1. Let p(o) = 2*o. Let x(j) = 7*p(j) - 3*w(j). Let u be (2 - 0) + (6 - 5). Let f be 1/(-6)*u*0. Determine x(f).
-3
Let a(r) = 11*r**2 - 2*r. Let t = 73 + -72. What is a(t)?
9
Suppose -3*l - 3*k + 16 = -17, 0 = -2*l - 4*k + 32. Let t(h) = 4*h**2 - 4*h - 5. Let p(n) = -3*n**2 + 5*n + 2. Let v(y) = 3*p(y) + 2*t(y). What is v(l)?
2
Let t(k) = k**3 - 17*k**2 - 19*k + 20. Let q be t(18). Let o(v) = -6*v - q - 2*v + 6*v + v. Give o(-4).
2
Let j(z) = 3*z + 3*z - 2 + 3. Let t(r) = 4*r + 13 - 2*r - r**2 - 2*r + 11*r. Let g be t(12). Give j(g).
7
Let h(p) be the first derivative of -p**4/4 - 4*p**3/3 + p**2/2 + 3*p + 394. What is h(-5)?
23
Let b(x) = -3*x + 2. Suppose -6*h = -3*h + 6. Let t(i) = -8*i + 6. Let j(l) = h*t(l) + 7*b(l). Let w(g) = g**3 - 5*g**2 - g + 3. Let z be w(5). What is j(z)?
12
Let a(n) = n - 6 + n**3 + 30*n**2 - 41*n**2 + 2*n + 8*n. Determine a(10).
4
Let k(v) = 2*v + 87. Let u(g) = g + 43. Let f(d) = -3*k(d) + 7*u(d). Calculate f(0).
40
Let j(g) = -g**2 - 2*g. Let h(x) = -3*x**2 - 4*x - 1. Let a(k) = h(k) - 4*j(k). Calculate a(-3).
-4
Let h be (3/6)/((-1)/(-6)). Let f(t) = 2*t**2 - t + 41 - 2*t - 45. Give f(h).
5
Let m(x) = 1 - 11*x + 7 + 14 - 21. What is m(2)?
-21
Let w(k) = -k**2 - 4*k + 2. Let z be (5/(-30)*-3)/(1/(-10)). What is w(z)?
-3
Suppose 12 - 20 = -4*h. Let v(l) = 5*l + 3*l**2 + 5*l**h - 7*l**2 - l - 1. Calculate v(-4).
-1
Let a(s) be the second derivative of s**4/12 + 7*s**2 - 65*s. Give a(0).
14
Let j(v) = -v**2 - 8*v - 5. Let x(n) = -n**3 + 10*n**2 - 10*n + 1. Suppose -3*c - 3*m + 20 + 16 = 0, -30 = -3*c - m. Let o be x(c). Determine j(o).
-5
Let u(r) = 2. Let k(y) = y + 17. Let o(b) = k(b) - 4*u(b). Determine o(-9).
0
Suppose -2 = 3*d + 5*q, -5*d - 2*q + 0 = -3. Let o(l) be the first derivative of l**3 + l**2 - l + 3. Give o(d).
4
Let b be 96/(-56) - (-3 - 23/(-7)). Let i(t) = t**3 - 3*t - 3. Calculate i(b).
-5
Let n(r) = -r**2 + 2*r + 16. Let j = 1446 + -1446. Determine n(j).
16
Let j(a) = 4*a**2 - 3*a**2 - 3*a - a. Suppose 0 = 4*o - 5*v + 5, -2*o = -0*o - v - 5. Let i(p) = -p**3 + 6*p**2 - 4*p - 3. Let w be i(o). What is j(w)?
-4
Suppose 3*u - 22 = 4*o, -2*u - 9*o + 10*o = -8. Let m(w) be the third derivative of 0*w + 1/6*w**3 + 1/12*w**5 + 1/12*w**4 - 10*w**u + 0. Determine m(-1).
4
Let j be (2/(-10) + -1)*20. Let t = -12 - j. Suppose 2*p = -0*p + t. Let u(m) = -m**2 + 6*m - 6. What is u(p)?
-6
Let p be (-3)/(-2) - 1*(-9)/6. Let k(y) = -279 + 268 - 9*y**2 + 10*y - 2*y**p + 3*y**3. Determine k(8).
5
Suppose 0 = 2*w + 7*i - 3*i - 30, -5*w = 3*i - 68. Let y(f) = f**2 + 21*f + 6 - w*f - 12*f. Give y(5).
11
Let s be (-4 - -3)*1*-57. Let u = 55 - s. Let w(a) = -16*a - 2. Calculate w(u).
30
Let t = 92 + -64. Suppose -2*c = -0*c + t. Let q be 21/c - 1/(-2). Let u(k) = 2*k**2 - 1. Calculate u(q).
1
Suppose 10*i - 417 + 107 = 0. Suppose -5*a = -i + 11. Let g(j) = j - 5. Determine g(a).
-1
Suppose -15*n - n - 160 = 0. Let a be (-2)/n - 180/25. Let w(v) = -2*v - 2. Calculate w(a).
12
Let j(y) be the first derivative of 1/2*y**2 - 7*y - 1. What is j(0)?
-7
Let h(m) be the first derivative of 29*m**2/2 - 2*m + 563. Calculate h(2).
56
Suppose 3*r - 2*r + 6 = 0. Let x(f) be the first derivative of 1/4*f**4 - f**2 - 8*f - 7 + 2*f**3. What is x(r)?
4
Suppose 0 = j - 5*j + 8. Let b(u) = -4 + u**3 + 0*u**2 - 5*u**2 - u + 2*u**j. Let q(w) = w**2 + 3*w + 5. Let m be q(-2). Calculate b(m).
-7
Let b(z) = 5 - 9 + 21*z - 22*z. Let l be -1 + 5 + 1 + 1. Suppose l + 6 = -2*k. Calculate b(k).
2
Let f(c) be the second derivative of 0 - 9*c + 0*c**2 + 1/3*c**3. Calculate f(1).
2
Suppose 2*o = -6*x + x + 13, 0 = 4*o - 16. Let m be 3 + -7 + (-30)/(-5). Let c = m - x. Let q(i) = -4*i + 1. Give q(c).
-3
Suppose -20 = -5*k + k. Let f(m) = -m**2 + 26*m - 3. Let l(t) = -t**2 + 33*t - 5. Let z(g) = -4*f(g) + 3*l(g). Give z(k).
-3
Let l(f) be the second derivative of -f**5/120 + 7*f**4/24 - f**3/2 - 4*f. Let u(h) be the second derivative of l(h). Let o = -23 + 29. Give u(o).
1
Let o be 2/(-4) + (-35)/(-10). Suppose -2*n - 8 = -4*l, -4*l - o*n = -2*l + 12. Let m(z) = -4*z**2 + 1 + l*z**2 - 2*z**2 + 4*z**2 - 2*z. Calculate m(-2).
-3
Let t = 17 + -13. Let u(a) = t - 1 - 14*a - 4. Give u(-1).
13
Let r(f) = f**2 - f - 9. Let i be r(4). Let d(k) = -9 + i*k + 1 - 2*k + 6. Suppose -z + 3*z = -12. Determine d(z).
-8
Let q(n) = -n - 1. Let a(y) = -4*y + 52. Let g be a(13). Suppose -4*k - i - 1 + 3 = g, -2*k = -i + 2. Give q(k).
-1
Let c be (-9)/1 - (-15 + 11). Let l(i) = -i**2 - 3*i - 1. What is l(c)?
-11
Let a(l) = l**3 + 2*l - 1. Suppose 0 = x - i - 9, 4 = -2*i - 6. Let w(z) = -z**2 - 1. Let r(v) = x*w(v) - a(v). What is r(-3)?
-6
Suppose -7*c + 16 = -5. Let i(x) = 2 - c*x + 4*x - 6*x + 4*x. Calculate i(-3).
5
Let z(a) be the second derivative of 0 + 2*a**2 - 1/6*a**3 - 4*a. What is z(5)?
-1
Let s(t) = t**2 - t + 9. Let l be s(0). Let p be (3/(-4))/(l/(-36)). Let f(a) = -a**2 - 4*a + 4. Give f(p).
-17
Let j(x) be the third derivative of -x**4/24 + x**3/6 + 2*x**2 + 15. Suppose k = -0*k - 4. Calculate j(k).
5
Let q(x) = x**3 + 2*x**2 - x - 4. Let t(h) = -2*h**3 - 4*h**2 + h + 7. Let a(b) = -5*q(b) - 3*t(b). Let v be a(-2). Let k(c) = -c - 7. Give k(v).
-2
Let w(z) = -z**2 + 9*z + 15. Suppose -11*m = -74 - 36. Give w(m).
5
Let u(o) = o + 1. Suppose -5*c = -7*c. Suppose 0 = -x - c*x - 29. Let i = 27 + x. Calculate u(i).
-1
Suppose -10*o = -13*o + 27. Let u(h) = h**3 - 8*h**2 - 11*h + 9. Give u(o).
-9
Let o(p) = -p**3 + 5*p**2 + 11*p + 17. Let n be 65/9 - (-4)/(-18). Let b be o(n). Let t(l) = -2*l + 4. Determine t(b).
12
Let h(o) be the first derivative of o**6/360 + 7*o**5/120 - 7*o**4/24 - 6*o**3 + 4. Let n(i) be the third derivative of h(i). Calculate n(-7).
-7
Let z(i) = 2*i**3 - 3*i**2 + i. Let g = -8 - -7. Let u = -4 - g. Let r be ((-2)/4)/(u/12). Calculate z(r).
6
Let t(l) = 5*l**3 - 12*l**2 + 2*l + 5. Let j(w) = -3*w**3 + 6*w**2 - w - 2. Let h(a) = -7*j(a) - 4*t(a). What is h(-6)?
0
Let s(y) = -y*